
-3343311 (base 5) to base 15
-12821
What is -e674 (base 16) in base 4?
-32121310
-1848cd (base 14) to base 12
-354559
What is 231130330 (base 6) in base 15?
591726
11100100101111011111011 (base 2) to base 6
424353003
Convert -430030312 (base 5) to base 13.
-4ac9c9
What is 123122236 (base 7) in base 16?
76d2f6
What is 10432402 (base 5) in base 8?
265264
Convert -5ba1 (base 12) to base 5.
-312340
Convert -10685833 (base 9) to base 6.
-303154350
What is 23110113 (base 4) in base 16?
b517
What is -49ce0d (base 16) in base 6?
-251400541
What is -13764817 (base 10) in base 6?
-1211010001
What is 10110010101001000 (base 2) in base 12?
44b20
Convert 120111201212 (base 3) to base 5.
34232013
Convert -102002220122001 (base 3) to base 4.
-112201031011
What is 14232562 (base 8) in base 2?
1100010011010101110010
What is -13230630 (base 7) in base 5?
-302430442
-3446356 (base 7) to base 4
-1221132121
What is -20121331011 (base 4) in base 16?
-219f45
-101212033021 (base 4) to base 2
-10001100110001111001001
11021102012 (base 3) to base 7
500204
Convert -212113323212 (base 4) to base 15.
-d3a8ce
What is -100000100100011010100 (base 2) in base 13?
-2b49bb
882737 (base 9) to base 6
15143311
What is -21000221012000 (base 3) in base 6?
-212043343
Convert 5735575 (base 8) to base 9.
2830448
-20201312 (base 4) to base 13
-12b93
Convert -20002634 (base 7) to base 10.
-1648091
-411224 (base 6) to base 9
-48767
10141543 (base 6) to base 10
293319
What is 31433103 (base 5) in base 16?
40a4a
778606 (base 12) to base 16
1d0466
-10100001100110010 (base 2) to base 5
-10121423
What is -5a6609 (base 11) in base 15?
-13e85b
Convert 20684 (base 12) to base 13.
16414
-7041446 (base 9) to base 10
-3747426
43493 (base 13) to base 16
1db1f
-1449210 (base 11) to base 14
-48a277
Convert -135579 (base 11) to base 7.
-1543003
What is -6070616 (base 8) in base 11?
-9a4614
Convert 23030130222 (base 4) to base 16.
2cc72a
What is 1a8829 (base 11) in base 16?
4de84
Convert 1a2026 (base 14) to base 16.
e2712
1134313 (base 5) to base 13
9865
100343445 (base 6) to base 2
110100001001110010101
Convert -12645255 (base 7) to base 2.
-100011101111011000100
-2323132120 (base 4) to base 16
-bb798
Convert -1aa05c (base 14) to base 16.
-e7d02
Convert -6a15a (base 15) to base 13.
-ba9b5
What is -524061 (base 11) in base 13?
-2353cb
-12121020202122 (base 3) to base 6
-143450412
130410044 (base 5) to base 14
1287c1
Convert -13121314013 (base 5) to base 9.
-33427436
What is -3370826 (base 11) in base 16?
-5a0c07
Convert -311231221011 (base 4) to base 3.
-222111100221000
What is -34862 (base 11) in base 13?
-19b6c
102120121221101 (base 3) to base 11
35231a1
Convert 42214243 (base 5) to base 9.
584670
What is -28772c (base 13) in base 3?
-1212011211112
-16451523 (base 7) to base 12
-657363
What is 42bc9 (base 15) in base 2?
110011101111001010
Convert a2aa (base 15) to base 7.
202114
What is a4caa9 (base 13) in base 3?
21020212120101
-20b1 (base 16) to base 3
-102110222
Convert 18414 (base 13) to base 4.
23123232
Convert 1ce62 (base 16) to base 12.
58602
Convert 102532140 (base 6) to base 10.
1816188
What is -6710526 (base 11) in base 14?
-17c612d
-383863 (base 14) to base 15
-2820c7
-10312440 (base 5) to base 6
-1521411
What is 4a933 (base 12) in base 14?
29023
What is 135351315 (base 7) in base 5?
4233332403
What is 234220 (base 6) in base 10?
20388
Convert -201088 (base 11) to base 15.
-65cd9
Convert 67852 (base 11) to base 3.
11222200121
-2565 (base 15) to base 10
-7970
Convert 40543150 (base 6) to base 8.
4342352
What is -32011 (base 7) in base 11?
-5a2a
-16c108 (base 15) to base 6
-35354242
Convert 7557182 (base 9) to base 4.
33131212103
What is -21175377 (base 9) in base 3?
-201012112102121
What is -711122 (base 9) in base 5?
-101430414
What is 7511105 (base 8) in base 6?
110535325
What is -111001101110110001110 (base 2) in base 3?
-10120002221221
Convert 1120122222011 (base 3) to base 15.
118c5a
5500 (base 11) to base 4
1301130
What is 541065 (base 10) in base 7?
4412310
What is 16163 (base 13) in base 3?
2010121022
What is 10101110110011010110100 (base 2) in base 12?
1b02930
What is 11000010002111 (base 3) in base 6?
113335534
Convert -240073 (base 8) to base 6.
-1431311
What is 221100101222 (base 3) in base 4?
1321303310
Convert 1020020200101 (base 3) to base 4.
2133301021
What is -816547 (base 11) in base 4?
-11000033023
What is 3222600 (base 7) in base 5?
100023333
Convert 13340341 (base 5) to base 16.
2170b
-261224 (base 8) to base 14
-2511a
55245656 (base 7) to base 9
8841412
Convert a6d1a4 (base 15) to base 8.
36227172
What is 52070a (base 13) in base 6?
105012420
667a9 (base 16) to base 12
182ab5
138226 (base 11) to base 9
358130
200021 (base 6) to base 7
63244
Convert -11012120100 (base 3) to base 12.
-3bab3
What is 2323033410 (base 5) in base 4?
110021330111
Convert 535122313 (base 6) to base 7.
143411364
Convert 4683614 (base 9) to base 8.
11527500
Convert -1012221001102002 (base 3) to base 15.
-1809e45
-113244333 (base 6) to base 13
-5936a0
Convert 110001111001100011 (base 2) to base 14.
546b1
-1230587 (base 13) to base 16
-564de2
Convert 1005135 (base 8) to base 13.
936b0
What is -45171335 (base 8) in base 14?
-1421581
-2200020122012 (base 3) to base 15
-1d150e
Convert -130e9 (base 15) to base 4.
-32320221
-3701846 (base 10) to base 12
-12a6332
10552522 (base 7) to base 12
38486a
Convert -174e6 (base 15) to base 9.
-124340
-109a4a8 (base 11) to base 6
-105032042
Convert 121200020000212 (base 3) to base 5.
4232033442
Convert 4212212 (base 6) to base 12.
9a068
What is 83952 (base 16) in base 11?
338a26
Convert -155101243 (base 6) to base 4.
-30222231123
What is 595314 (base 11) in base 10?
944057
What is -18407 (base 12) in base 10?
-35143
100001001000100011011 (base 2) to base 15
166a68
Convert 244104304 (base 5) to base 10.
1159954
Convert 3310585 (base 10) to base 2.
1100101000001111111001
Convert 10022040331 (base 5) to base 7.
150423261
Convert 514165 (base 8) to base 12.
82531
What is -54505 (base 10) in base 15?
-1123a
What is 59203 (base 10) in base 11?
40531
-9381487 (base 11) to base 3
-1011010122011201
Convert 210314 (base 5) to base 7.
26201
-968a5 (base 12) to base 3
-101001222022
What is -3518169 (base 12) in base 13?
-2175648
Convert -269eb (base 15) to base 10.
-123746
11a7d9 (base 15) to base 11
528293
1244202323 (base 5) to base 15
4183ad
-1151205 (base 6) to base 4
-32330111
What is 1011011011101001111000 (base 2) in base 13?
80c0b5
24865 (base 13) to base 16
10711
123112212302 (base 4) to base 2
11011010110100110110010
Convert 275700 (base 9) to base 5.
20340422
64338 (base 9) to base 15
c925
Convert -110110101110000010000 (base 2) to base 3.
-10101002120220
ce3c4c (base 15) to base 5
10004143042
What is -9491430 (base 10) in base 7?
-143450544
Convert 513568 (base 9) to base 14.
7cd52
Convert 443414 (base 6) to base 13.
13b61
What is 343a940 (base 12) in base 7?
151200654
What is a07 (base 14) in base 4?
132233
Convert 1111003310 (base 4) to base 10.
348404
What is -2521c (base 15) in base 5?
-12243402
101110111100101101 (base 2) to base 13
696b5
-1211200202222 (base 3) to base 2
-11101110110011101011
Convert -89160 (base 10) to base 8.
-256110
Convert 22133121013 (base 4) to base 9.
5151281
Convert -370b3b (base 15) to base 7.
-31253210
1054250 (base 7) to base 9
218822
What is -64c649 (base 13) in base 3?
-11110101021002
-26ab8 (base 15) to base 16
-1e413
What is -336440 (base 13) in base 12?
-4a62a8
What is 3052435 (base 7) in base 16?
59524
Convert -739b99 (base 12) to base 16.
-1bca65
Convert -13629a7 (base 13) to base 4.
-113111223122
What is 17db6a (base 16) in base 4?
11331231222
Convert 12022201220 (base 3) to base 14.
2a288
-1431b6 (base 13) to base 10
-492446
Convert 103031414 (base 5) to base 2.
1101011010100111001
-79a94 (base 11) to base 5
-12201104
What is 1a991 (base 11) in base 14?
a896
What is -1111100111000111110 (base 2) in base 16?
-7ce3e
Convert -63397 (base 11) to base 10.
-92308
What is -2717a8 (base 12) in base 11?
-401122
311430 (base 6) to base 9
37260
What is 133232233010 (base 4) in base 8?
37565704
Convert -204133334 (base 5) to base 4.
-3033111003
414380 (base 11) to base 9
1222616
-537b1 (base 13) to base 3
-21122202100
28602 (bas